{"id":95,"date":"2018-06-15T11:10:16","date_gmt":"2018-06-15T11:10:16","guid":{"rendered":"http:\/\/ovaloffice01.cblue.be\/www.leplaza.events\/www\/?page_id=95"},"modified":"2020-10-02T16:52:00","modified_gmt":"2020-10-02T16:52:00","slug":"home","status":"publish","type":"page","link":"https:\/\/www.leplaza.events\/fr\/","title":{"rendered":"Home"},"content":{"rendered":"<p>L\u2019envie de se r\u00e9unir n\u2019a jamais \u00e9t\u00e9 aussi pr\u00e9sente . . . Le Plaza vous en offre la possibilit\u00e9&nbsp;!<\/p>\n<p>L\u2019\u00e9quipe Meetings, Congresses &amp; Events de l\u2019h\u00f4tel Le Plaza Brussels vous souhaite la bienvenue !<\/p>\n<p>Vous organisez une r\u00e9union, un congr\u00e8s ou un \u00e9v\u00e9nement \u00e0 Bruxelles ? L\u2019h\u00f4tel Le Plaza Brussels, qui f\u00eate ses 90 ans cette ann\u00e9e, vous propose 10 salles de conf\u00e9rences et un espace th\u00e9\u00e2tre dans un cadre historique, au c\u0153ur de la capitale de l\u2019Europe.<\/p>\n<p>En ces temps inhabituels nous avons pris toutes les pr\u00e9cautions pour assurer que notre h\u00f4tel soit un lieu s\u00fbr pour vos \u00e9v\u00e9nements. Nos services \u00e9v\u00e8nementiels ont \u00e9t\u00e9 model\u00e9s selon les nouvelles normes, r\u00e9pondant \u00e0 vos attentes en mati\u00e8re de s\u00e9curit\u00e9 sanitaire, tout en respectant, bien-s\u00fbr, les standards de l&#8217;H\u00f4tel Le Plaza que vous connaissez et que vous attendez. Nous vous invitons \u00e0 les d\u00e9couvrir&nbsp; dans notre \u00abvid\u00e9o post-confinement&nbsp;\u00bb.<\/p>\n<p>Quels que soient vos besoins, notre \u00e9quipe de professionnels vous accompagne et organise votre \u00e9v\u00e9nement sur mesure, dans un esprit alliant raffinement, convivialit\u00e9, efficacit\u00e9, s\u00e9curit\u00e9 et sant\u00e9, selon les directives du gouvernement (local).<\/p>\n<p>C\u00f4t\u00e9 restauration, notre chef Olivier Bontemps et sa brigade sont \u00e0 votre \u00e9coute pour garantir \u00e0 vos convives une exp\u00e9rience gastronomique cr\u00e9ative et vari\u00e9e.<\/p>\n<p>Toute la famille Plaza est impatiente de vous accueillir bient\u00f4t!<\/p>\n","protected":false},"excerpt":{"rendered":"L\u2019envie de se r\u00e9unir n\u2019a jamais \u00e9t\u00e9 aussi pr\u00e9sente . . . Le Plaza vous en offre la possibilit\u00e9&nbsp;! L\u2019\u00e9quipe Meetings, Congresses &amp; Events de l\u2019h\u00f4tel Le Plaza Brussels vous souhaite la bienvenue ! Vous organisez une r\u00e9union, un congr\u00e8s ou un \u00e9v\u00e9nement \u00e0 Bruxelles ? L\u2019h\u00f4tel Le Plaza Brussels, qui f\u00eate ses 90 ans&#8230;","protected":false},"author":1,"featured_media":0,"parent":0,"menu_order":0,"comment_status":"closed","ping_status":"closed","template":"tpl-home.php","meta":{"_acf_changed":false,"_monsterinsights_skip_tracking":false,"_monsterinsights_sitenote_active":false,"_monsterinsights_sitenote_note":"","_monsterinsights_sitenote_category":0,"footnotes":""},"acf":[],"yoast_head":"<!-- This site is optimized with the Yoast SEO plugin v23.0 - https:\/\/yoast.com\/wordpress\/plugins\/seo\/ -->\n<title>Home &#8226; Le Plaza Brussels Events<\/title>\n<meta name=\"robots\" content=\"index, follow, max-snippet:-1, max-image-preview:large, max-video-preview:-1\" \/>\n<link rel=\"canonical\" href=\"https:\/\/www.leplaza.events\/fr\/\" \/>\n<meta property=\"og:locale\" content=\"fr_FR\" \/>\n<meta property=\"og:type\" content=\"article\" \/>\n<meta property=\"og:title\" content=\"Home &#8226; Le Plaza Brussels Events\" \/>\n<meta property=\"og:description\" content=\"L\u2019envie de se r\u00e9unir n\u2019a jamais \u00e9t\u00e9 aussi pr\u00e9sente . . . Le Plaza vous en offre la possibilit\u00e9&nbsp;! L\u2019\u00e9quipe Meetings, Congresses &amp; Events de l\u2019h\u00f4tel Le Plaza Brussels vous souhaite la bienvenue ! Vous organisez une r\u00e9union, un congr\u00e8s ou un \u00e9v\u00e9nement \u00e0 Bruxelles ? L\u2019h\u00f4tel Le Plaza Brussels, qui f\u00eate ses 90 ans...\" \/>\n<meta property=\"og:url\" content=\"https:\/\/www.leplaza.events\/fr\/\" \/>\n<meta property=\"og:site_name\" content=\"Le Plaza Brussels Events\" \/>\n<meta property=\"article:modified_time\" content=\"2020-10-02T16:52:00+00:00\" \/>\n<meta name=\"twitter:card\" content=\"summary_large_image\" \/>\n<meta name=\"twitter:label1\" content=\"Est. reading time\" \/>\n\t<meta name=\"twitter:data1\" content=\"1 minute\" \/>\n<script type=\"application\/ld+json\" class=\"yoast-schema-graph\">{\"@context\":\"https:\/\/schema.org\",\"@graph\":[{\"@type\":\"WebPage\",\"@id\":\"https:\/\/www.leplaza.events\/fr\/\",\"url\":\"https:\/\/www.leplaza.events\/fr\/\",\"name\":\"Home &#8226; Le Plaza Brussels Events\",\"isPartOf\":{\"@id\":\"https:\/\/www.leplaza.events\/#website\"},\"datePublished\":\"2018-06-15T11:10:16+00:00\",\"dateModified\":\"2020-10-02T16:52:00+00:00\",\"breadcrumb\":{\"@id\":\"https:\/\/www.leplaza.events\/fr\/#breadcrumb\"},\"inLanguage\":\"fr-FR\",\"potentialAction\":[{\"@type\":\"ReadAction\",\"target\":[\"https:\/\/www.leplaza.events\/fr\/\"]}]},{\"@type\":\"BreadcrumbList\",\"@id\":\"https:\/\/www.leplaza.events\/fr\/#breadcrumb\",\"itemListElement\":[{\"@type\":\"ListItem\",\"position\":1,\"name\":\"Home\",\"item\":\"https:\/\/www.leplaza.events\/fr\/\"},{\"@type\":\"ListItem\",\"position\":2,\"name\":\"Home\"}]},{\"@type\":\"WebSite\",\"@id\":\"https:\/\/www.leplaza.events\/#website\",\"url\":\"https:\/\/www.leplaza.events\/\",\"name\":\"Le Plaza Brussels Events\",\"description\":\"\",\"potentialAction\":[{\"@type\":\"SearchAction\",\"target\":{\"@type\":\"EntryPoint\",\"urlTemplate\":\"https:\/\/www.leplaza.events\/?s={search_term_string}\"},\"query-input\":\"required name=search_term_string\"}],\"inLanguage\":\"fr-FR\"}]}<\/script>\n<!-- \/ Yoast SEO plugin. -->","yoast_head_json":{"title":"Home &#8226; Le Plaza Brussels Events","robots":{"index":"index","follow":"follow","max-snippet":"max-snippet:-1","max-image-preview":"max-image-preview:large","max-video-preview":"max-video-preview:-1"},"canonical":"https:\/\/www.leplaza.events\/fr\/","og_locale":"fr_FR","og_type":"article","og_title":"Home &#8226; Le Plaza Brussels Events","og_description":"L\u2019envie de se r\u00e9unir n\u2019a jamais \u00e9t\u00e9 aussi pr\u00e9sente . . . Le Plaza vous en offre la possibilit\u00e9&nbsp;! L\u2019\u00e9quipe Meetings, Congresses &amp; Events de l\u2019h\u00f4tel Le Plaza Brussels vous souhaite la bienvenue ! Vous organisez une r\u00e9union, un congr\u00e8s ou un \u00e9v\u00e9nement \u00e0 Bruxelles ? L\u2019h\u00f4tel Le Plaza Brussels, qui f\u00eate ses 90 ans...","og_url":"https:\/\/www.leplaza.events\/fr\/","og_site_name":"Le Plaza Brussels Events","article_modified_time":"2020-10-02T16:52:00+00:00","twitter_card":"summary_large_image","twitter_misc":{"Est. reading time":"1 minute"},"schema":{"@context":"https:\/\/schema.org","@graph":[{"@type":"WebPage","@id":"https:\/\/www.leplaza.events\/fr\/","url":"https:\/\/www.leplaza.events\/fr\/","name":"Home &#8226; Le Plaza Brussels Events","isPartOf":{"@id":"https:\/\/www.leplaza.events\/#website"},"datePublished":"2018-06-15T11:10:16+00:00","dateModified":"2020-10-02T16:52:00+00:00","breadcrumb":{"@id":"https:\/\/www.leplaza.events\/fr\/#breadcrumb"},"inLanguage":"fr-FR","potentialAction":[{"@type":"ReadAction","target":["https:\/\/www.leplaza.events\/fr\/"]}]},{"@type":"BreadcrumbList","@id":"https:\/\/www.leplaza.events\/fr\/#breadcrumb","itemListElement":[{"@type":"ListItem","position":1,"name":"Home","item":"https:\/\/www.leplaza.events\/fr\/"},{"@type":"ListItem","position":2,"name":"Home"}]},{"@type":"WebSite","@id":"https:\/\/www.leplaza.events\/#website","url":"https:\/\/www.leplaza.events\/","name":"Le Plaza Brussels Events","description":"","potentialAction":[{"@type":"SearchAction","target":{"@type":"EntryPoint","urlTemplate":"https:\/\/www.leplaza.events\/?s={search_term_string}"},"query-input":"required name=search_term_string"}],"inLanguage":"fr-FR"}]}},"_links":{"self":[{"href":"https:\/\/www.leplaza.events\/fr\/wp-json\/wp\/v2\/pages\/95"}],"collection":[{"href":"https:\/\/www.leplaza.events\/fr\/wp-json\/wp\/v2\/pages"}],"about":[{"href":"https:\/\/www.leplaza.events\/fr\/wp-json\/wp\/v2\/types\/page"}],"author":[{"embeddable":true,"href":"https:\/\/www.leplaza.events\/fr\/wp-json\/wp\/v2\/users\/1"}],"replies":[{"embeddable":true,"href":"https:\/\/www.leplaza.events\/fr\/wp-json\/wp\/v2\/comments?post=95"}],"version-history":[{"count":26,"href":"https:\/\/www.leplaza.events\/fr\/wp-json\/wp\/v2\/pages\/95\/revisions"}],"predecessor-version":[{"id":2161,"href":"https:\/\/www.leplaza.events\/fr\/wp-json\/wp\/v2\/pages\/95\/revisions\/2161"}],"wp:attachment":[{"href":"https:\/\/www.leplaza.events\/fr\/wp-json\/wp\/v2\/media?parent=95"}],"curies":[{"name":"wp","href":"https:\/\/api.w.org\/{rel}","templated":true}]}}

<p>L’envie de se réunir n’a jamais été aussi présente . . . Le Plaza vous en offre la possibilité&nbsp;!</p>
<p>L’équipe Meetings, Congresses &amp; Events de l’hôtel Le Plaza Brussels vous souhaite la bienvenue !</p>
<p>Vous organisez une réunion, un congrès ou un événement à Bruxelles ? L’hôtel Le Plaza Brussels, qui fête ses 90 ans cette année, vous propose 10 salles de conférences et un espace théâtre dans un cadre historique, au cœur de la capitale de l’Europe.</p>
<p>En ces temps inhabituels nous avons pris toutes les précautions pour assurer que notre hôtel soit un lieu sûr pour vos événements. Nos services évènementiels ont été modelés selon les nouvelles normes, répondant à vos attentes en matière de sécurité sanitaire, tout en respectant, bien-sûr, les standards de l&#8217;Hôtel Le Plaza que vous connaissez et que vous attendez. Nous vous invitons à les découvrir&nbsp; dans notre «vidéo post-confinement&nbsp;».</p>
<p>Quels que soient vos besoins, notre équipe de professionnels vous accompagne et organise votre événement sur mesure, dans un esprit alliant raffinement, convivialité, efficacité, sécurité et santé, selon les directives du gouvernement (local).</p>
<p>Côté restauration, notre chef Olivier Bontemps et sa brigade sont à votre écoute pour garantir à vos convives une expérience gastronomique créative et variée.</p>
<p>Toute la famille Plaza est impatiente de vous accueillir bientôt!</p>

L’envie de se réunir n’a jamais été aussi présente . . . Le Plaza vous en offre la possibilité&nbsp;! L’équipe Meetings, Congresses &amp; Events de l’hôtel Le Plaza Brussels vous souhaite la bienvenue ! Vous organisez une réunion, un congrès ou un événement à Bruxelles ? L’hôtel Le Plaza Brussels, qui fête ses 90 ans&#8230;

<!-- This site is optimized with the Yoast SEO plugin v23.0 - https://yoast.com/wordpress/plugins/seo/ -->
<title>Home &#8226; Le Plaza Brussels Events</title>
<meta name="robots" content="index, follow, max-snippet:-1, max-image-preview:large, max-video-preview:-1" />
<link rel="canonical" href="https://www.leplaza.events/fr/" />
<meta property="og:locale" content="fr_FR" />
<meta property="og:type" content="article" />
<meta property="og:title" content="Home &#8226; Le Plaza Brussels Events" />
<meta property="og:description" content="L’envie de se réunir n’a jamais été aussi présente . . . Le Plaza vous en offre la possibilité&nbsp;! L’équipe Meetings, Congresses &amp; Events de l’hôtel Le Plaza Brussels vous souhaite la bienvenue ! Vous organisez une réunion, un congrès ou un événement à Bruxelles ? L’hôtel Le Plaza Brussels, qui fête ses 90 ans..." />
<meta property="og:url" content="https://www.leplaza.events/fr/" />
<meta property="og:site_name" content="Le Plaza Brussels Events" />
<meta property="article:modified_time" content="2020-10-02T16:52:00+00:00" />
<meta name="twitter:card" content="summary_large_image" />
<meta name="twitter:label1" content="Est. reading time" />
	<meta name="twitter:data1" content="1 minute" />
<script type="application/ld+json" class="yoast-schema-graph">{"@context":"https://schema.org","@graph":[{"@type":"WebPage","@id":"https://www.leplaza.events/fr/","url":"https://www.leplaza.events/fr/","name":"Home &#8226; Le Plaza Brussels Events","isPartOf":{"@id":"https://www.leplaza.events/#website"},"datePublished":"2018-06-15T11:10:16+00:00","dateModified":"2020-10-02T16:52:00+00:00","breadcrumb":{"@id":"https://www.leplaza.events/fr/#breadcrumb"},"inLanguage":"fr-FR","potentialAction":[{"@type":"ReadAction","target":["https://www.leplaza.events/fr/"]}]},{"@type":"BreadcrumbList","@id":"https://www.leplaza.events/fr/#breadcrumb","itemListElement":[{"@type":"ListItem","position":1,"name":"Home","item":"https://www.leplaza.events/fr/"},{"@type":"ListItem","position":2,"name":"Home"}]},{"@type":"WebSite","@id":"https://www.leplaza.events/#website","url":"https://www.leplaza.events/","name":"Le Plaza Brussels Events","description":"","potentialAction":[{"@type":"SearchAction","target":{"@type":"EntryPoint","urlTemplate":"https://www.leplaza.events/?s={search_term_string}"},"query-input":"required name=search_term_string"}],"inLanguage":"fr-FR"}]}</script>
<!-- / Yoast SEO plugin. -->

L’envie de se réunir n’a jamais été aussi présente . . . Le Plaza vous en offre la possibilité&nbsp;! L’équipe Meetings, Congresses &amp; Events de l’hôtel Le Plaza Brussels vous souhaite la bienvenue ! Vous organisez une réunion, un congrès ou un événement à Bruxelles ? L’hôtel Le Plaza Brussels, qui fête ses 90 ans...
